{"id":1523,"date":"2019-10-07T15:06:31","date_gmt":"2019-10-07T15:06:31","guid":{"rendered":"http:\/\/h4opera.com.br\/hotel-opera\/?page_id=1523"},"modified":"2021-08-18T05:19:26","modified_gmt":"2021-08-18T05:19:26","slug":"localizacao","status":"publish","type":"page","link":"http:\/\/h4opera.com.br\/hotel-opera\/en\/localizacao\/","title":{"rendered":"Location"},"content":{"rendered":"<p>[et_pb_section bb_built=&#8221;1&#8243; fullwidth=&#8221;on&#8221; _builder_version=&#8221;3.2.2&#8243; next_background_color=&#8221;#000000&#8243; custom_css_main_element=&#8221;height: auto !important;&#8221;][et_pb_fullwidth_header title=&#8221;Alameda Lorena, 1756 \u2013 Jardim Paulista \u2013 S\u00e3o Paulo&#8221; text_orientation=&#8221;center&#8221; _builder_version=&#8221;3.2.2&#8243; title_text_align=&#8221;center&#8221; title_font_size=&#8221;28px&#8221; title_line_height=&#8221;1.7em&#8221; content_text_align=&#8221;center&#8221; content_line_height=&#8221;1.7em&#8221; subhead_line_height=&#8221;1.7em&#8221; background_color=&#8221;#7ebec5&#8243; background_image=&#8221;http:\/\/h4opera.com.br\/hotel-opera\/wp-content\/uploads\/2016\/01\/bg_localizacao.png&#8221; parallax=&#8221;on&#8221; parallax_method=&#8221;on&#8221; subhead_font_size=&#8221;19px&#8221;]<\/p>\n<p>Wake up in the heart of Jardins, just a few steps from Oscar Freire, the most famous and charming street of S\u00e3o Paulo, close to best stores, restaurants and cafes, besides being just a few blocks from Paulista Ave.<\/p>\n<p>[\/et_pb_fullwidth_header][\/et_pb_section][et_pb_section bb_built=&#8221;1&#8243; fullwidth=&#8221;on&#8221; specialty=&#8221;off&#8221; prev_background_color=&#8221;#000000&#8243; next_background_color=&#8221;#000000&#8243;][et_pb_fullwidth_code _builder_version=&#8221;3.2.2&#8243;]&lt;iframe src=&#8221;https:\/\/www.google.com\/maps\/embed?pb=!1m18!1m12!1m3!1d3657.1718640378053!2d-46.66959888576193!3d-23.562270184682447!2m3!1f0!2f0!3f0!3m2!1i1024!2i768!4f13.1!3m3!1m2!1s0x94ce59d4574d8789%3A0xb05eccbd42d8f392!2sH4%20Hotel%20Opera%20Jardins!5e0!3m2!1spt-BR!2sbr!4v1625845434029!5m2!1spt-BR!2sbr&#8221; width=&#8221;100%&#8221; height=&#8221;450&#8243; style=&#8221;border:0;&#8221; allowfullscreen=&#8221;&#8221; loading=&#8221;lazy&#8221;&gt;&lt;\/iframe&gt;[\/et_pb_fullwidth_code][\/et_pb_section][et_pb_section bb_built=&#8221;1&#8243; _builder_version=&#8221;3.0.47&#8243; custom_padding=&#8221;0|0px|0|0px|false|false&#8221; prev_background_color=&#8221;#000000&#8243;][et_pb_row _builder_version=&#8221;3.0.47&#8243; background_size=&#8221;initial&#8221; background_position=&#8221;top_left&#8221; background_repeat=&#8221;repeat&#8221; custom_padding=&#8221;40px|0px|10px|0px|false|false&#8221;][et_pb_column type=&#8221;4_4&#8243;][et_pb_text _builder_version=&#8221;3.2.2&#8243; text_font_size=&#8221;17px&#8221; header_font_size=&#8221;33px&#8221;]<\/p>\n<h2 style=\"text-align: center;\">Points of intrest<\/h2>\n<p style=\"text-align: center;\">See below how to get from H4 Opera Jardins to various points of the city:<\/p>\n<p>[\/et_pb_text][\/et_pb_column][\/et_pb_row][et_pb_row _builder_version=&#8221;3.0.47&#8243; background_size=&#8221;initial&#8221; background_position=&#8221;top_left&#8221; background_repeat=&#8221;repeat&#8221;][et_pb_column type=&#8221;1_3&#8243;][et_pb_blurb admin_label=&#8221;Fecom\u00e9rcio&#8221; title=&#8221;Fecom\u00e9rcio&#8221; image=&#8221;http:\/\/h4opera.com.br\/hotel-opera\/wp-content\/uploads\/2016\/01\/17_fecomercio.png&#8221; icon_placement=&#8221;left&#8221; _builder_version=&#8221;3.2.2&#8243; border_color_all_image=&#8221;#ffffff&#8221; border_style_all_image=&#8221;none&#8221; url_new_window=&#8221;on&#8221;]<\/p>\n<p>14 minutes by car<\/p>\n<p><a href=\"https:\/\/bit.ly\/2YOfbzX\" target=\"_blank\" rel=\"noopener\"><img loading=\"lazy\" decoding=\"async\" class=\"alignnone wp-image-246 size-full\" src=\"http:\/\/h4opera.com.br\/hotel-opera\/wp-content\/uploads\/2019\/10\/Check-on-Google.png\" alt=\"bt_vernogoogle\" width=\"89\" height=\"20\" \/><\/a><\/p>\n<p>[\/et_pb_blurb][et_pb_blurb admin_label=&#8221;USP&#8221; title=&#8221;USP&#8221; image=&#8221;http:\/\/h4opera.com.br\/hotel-opera\/wp-content\/uploads\/2016\/01\/20_USP.png&#8221; icon_placement=&#8221;left&#8221; _builder_version=&#8221;3.2.2&#8243; border_color_all_image=&#8221;#ffffff&#8221; border_style_all_image=&#8221;none&#8221; url_new_window=&#8221;on&#8221;]<\/p>\n<p>27 minutes by car<\/p>\n<p><a href=\"https:\/\/bit.ly\/2FPiCh3\" target=\"_blank\" rel=\"noopener\"><img loading=\"lazy\" decoding=\"async\" class=\"alignnone wp-image-246 size-full\" src=\"http:\/\/h4opera.com.br\/hotel-opera\/wp-content\/uploads\/2019\/10\/Check-on-Google.png\" alt=\"bt_vernogoogle\" width=\"89\" height=\"20\" \/><\/a><\/p>\n<p>[\/et_pb_blurb][et_pb_blurb admin_label=&#8221;Hotel Renaissance&#8221; title=&#8221;Hotel Renaissance&#8221; image=&#8221;http:\/\/h4opera.com.br\/hotel-opera\/wp-content\/uploads\/2019\/04\/10_hotelrenaissance.png&#8221; icon_placement=&#8221;left&#8221; _builder_version=&#8221;3.2.2&#8243; border_color_all_image=&#8221;#ffffff&#8221; border_style_all_image=&#8221;none&#8221; url_new_window=&#8221;on&#8221;]<\/p>\n<p>11 minutes on foot<\/p>\n<p><a href=\"https:\/\/bit.ly\/2OQt1Nw\" target=\"_blank\" rel=\"noopener\"><img loading=\"lazy\" decoding=\"async\" class=\"alignnone wp-image-246 size-full\" src=\"http:\/\/h4opera.com.br\/hotel-opera\/wp-content\/uploads\/2019\/10\/Check-on-Google.png\" alt=\"bt_vernogoogle\" width=\"89\" height=\"20\" \/><\/a><\/p>\n<p>[\/et_pb_blurb][et_pb_blurb admin_label=&#8221;Terminal Rodovi\u00e1rio Tiete &#8221; title=&#8221;Terminal Rodovi\u00e1rio Tiete &#8221; image=&#8221;http:\/\/h4opera.com.br\/hotel-opera\/wp-content\/uploads\/2019\/04\/05_tiete.png&#8221; icon_placement=&#8221;left&#8221; _builder_version=&#8221;3.2.2&#8243; border_color_all_image=&#8221;#ffffff&#8221; border_style_all_image=&#8221;none&#8221; url_new_window=&#8221;on&#8221;]<\/p>\n<p>34 minutes by car<\/p>\n<p><a href=\"https:\/\/bit.ly\/2TYqXEt\" target=\"_blank\" rel=\"noopener\"><img loading=\"lazy\" decoding=\"async\" class=\"alignnone wp-image-246 size-full\" src=\"http:\/\/h4opera.com.br\/hotel-opera\/wp-content\/uploads\/2019\/10\/Check-on-Google.png\" alt=\"bt_vernogoogle\" width=\"89\" height=\"20\" \/><\/a><\/p>\n<p>[\/et_pb_blurb][et_pb_blurb admin_label=&#8221;Congonhas&#8221; title=&#8221;Aeroporto de Congonhas&#8221; image=&#8221;http:\/\/h4opera.com.br\/hotel-opera\/wp-content\/uploads\/2019\/04\/01_congonhas.png&#8221; icon_placement=&#8221;left&#8221; _builder_version=&#8221;3.2.2&#8243; border_color_all_image=&#8221;#ffffff&#8221; border_style_all_image=&#8221;none&#8221; url_new_window=&#8221;on&#8221;]<\/p>\n<p>54 minutes by car<\/p>\n<p><a href=\"https:\/\/bit.ly\/2UhQWvu\" target=\"_blank\" rel=\"noopener\"><img loading=\"lazy\" decoding=\"async\" class=\"alignnone wp-image-246 size-full\" src=\"http:\/\/h4opera.com.br\/hotel-opera\/wp-content\/uploads\/2019\/10\/Check-on-Google.png\" alt=\"bt_vernogoogle\" width=\"89\" height=\"20\" \/><\/a><\/p>\n<p>[\/et_pb_blurb][et_pb_blurb admin_label=&#8221;Aeroporto Internacional de Guarulhos&#8221; title=&#8221;Aeroporto Internacional de Guarulhos&#8221; image=&#8221;http:\/\/h4opera.com.br\/hotel-opera\/wp-content\/uploads\/2019\/04\/04_cumbica.png&#8221; icon_placement=&#8221;left&#8221; _builder_version=&#8221;3.2.2&#8243; border_color_all_image=&#8221;#ffffff&#8221; border_style_all_image=&#8221;none&#8221; url_new_window=&#8221;on&#8221;]<\/p>\n<p>57 minutes by car<\/p>\n<p><a href=\"https:\/\/bit.ly\/2CU2jio\" target=\"_blank\" rel=\"noopener\"><img loading=\"lazy\" decoding=\"async\" class=\"alignnone wp-image-246 size-full\" src=\"http:\/\/h4opera.com.br\/hotel-opera\/wp-content\/uploads\/2019\/10\/Check-on-Google.png\" alt=\"bt_vernogoogle\" width=\"89\" height=\"20\" \/><\/a><\/p>\n<p>[\/et_pb_blurb][\/et_pb_column][et_pb_column type=&#8221;1_3&#8243;][et_pb_blurb admin_label=&#8221;Masp &#8221; title=&#8221;Masp &#8221; image=&#8221;https:\/\/h4opera.com.br\/hotel-opera\/wp-content\/uploads\/2021\/06\/06_masp.png&#8221; icon_placement=&#8221;left&#8221; _builder_version=&#8221;3.2.2&#8243; border_color_all_image=&#8221;#ffffff&#8221; border_style_all_image=&#8221;none&#8221; url_new_window=&#8221;on&#8221;]<\/p>\n<p>23 minutes on foot<\/p>\n<p><a href=\"https:\/\/bit.ly\/2G0PpRN\" target=\"_blank\" rel=\"noopener\"><img loading=\"lazy\" decoding=\"async\" class=\"alignnone wp-image-246 size-full\" src=\"https:\/\/h4opera.com.br\/hotel-opera\/wp-content\/uploads\/2019\/10\/Check-on-Google.png\" alt=\"bt_vernogoogle\" width=\"89\" height=\"20\" \/><\/a><\/p>\n<p>[\/et_pb_blurb][et_pb_blurb admin_label=&#8221;Oscar Freire&#8221; title=&#8221;Oscar Freire&#8221; image=&#8221;http:\/\/h4opera.com.br\/hotel-opera\/wp-content\/uploads\/2019\/04\/07_oscarfreire.png&#8221; icon_placement=&#8221;left&#8221; _builder_version=&#8221;3.2.2&#8243; border_color_all_image=&#8221;#ffffff&#8221; border_style_all_image=&#8221;none&#8221; url_new_window=&#8221;on&#8221;]<\/p>\n<p>9 minutes on foot<\/p>\n<p><a href=\"https:\/\/bit.ly\/2K2NrnQ\" target=\"_blank\" rel=\"noopener\"><img loading=\"lazy\" decoding=\"async\" class=\"alignnone wp-image-246 size-full\" src=\"http:\/\/h4opera.com.br\/hotel-opera\/wp-content\/uploads\/2019\/10\/Check-on-Google.png\" alt=\"bt_vernogoogle\" width=\"89\" height=\"20\" \/><\/a><\/p>\n<p>[\/et_pb_blurb][et_pb_blurb admin_label=&#8221;Shopping Center 3&#8243; title=&#8221;Shopping Center 3&#8243; image=&#8221;http:\/\/h4opera.com.br\/hotel-opera\/wp-content\/uploads\/2019\/04\/09_center3.png&#8221; icon_placement=&#8221;left&#8221; _builder_version=&#8221;3.2.2&#8243; border_color_all_image=&#8221;#ffffff&#8221; border_style_all_image=&#8221;none&#8221; url_new_window=&#8221;on&#8221;]<\/p>\n<p>18 minutes on foot<\/p>\n<p><a href=\"https:\/\/bit.ly\/2IcZGfe\" target=\"_blank\" rel=\"noopener\"><img loading=\"lazy\" decoding=\"async\" class=\"alignnone wp-image-246 size-full\" src=\"http:\/\/h4opera.com.br\/hotel-opera\/wp-content\/uploads\/2019\/10\/Check-on-Google.png\" alt=\"bt_vernogoogle\" width=\"89\" height=\"20\" \/><\/a><\/p>\n<p>[\/et_pb_blurb][et_pb_blurb admin_label=&#8221;Metr\u00f4 Consola\u00e7\u00e3o&#8221; title=&#8221;Metr\u00f4 Consola\u00e7\u00e3o&#8221; image=&#8221;http:\/\/h4opera.com.br\/hotel-opera\/wp-content\/uploads\/2019\/04\/02_metroconsolacao.png&#8221; icon_placement=&#8221;left&#8221; _builder_version=&#8221;3.2.2&#8243; border_color_all_image=&#8221;#ffffff&#8221; border_style_all_image=&#8221;none&#8221; url_new_window=&#8221;on&#8221;]<\/p>\n<p>15 minutes on foot<\/p>\n<p><a href=\"https:\/\/bit.ly\/2K6dmuX\" target=\"_blank\" rel=\"noopener\"><img loading=\"lazy\" decoding=\"async\" class=\"alignnone wp-image-246 size-full\" src=\"http:\/\/h4opera.com.br\/hotel-opera\/wp-content\/uploads\/2019\/10\/Check-on-Google.png\" alt=\"bt_vernogoogle\" width=\"89\" height=\"20\" \/><\/a><\/p>\n<p>[\/et_pb_blurb][et_pb_blurb admin_label=&#8221;Esta\u00e7\u00e3o Barra Funda&#8221; title=&#8221;Esta\u00e7\u00e3o Barra Funda&#8221; image=&#8221;http:\/\/h4opera.com.br\/hotel-opera\/wp-content\/uploads\/2019\/04\/03_barrafunda.png&#8221; icon_placement=&#8221;left&#8221; _builder_version=&#8221;3.2.2&#8243; border_color_all_image=&#8221;#ffffff&#8221; border_style_all_image=&#8221;none&#8221; url_new_window=&#8221;on&#8221;]<\/p>\n<p>21 minutes by car<\/p>\n<p><a href=\"https:\/\/bit.ly\/2FOQfzN\" target=\"_blank\" rel=\"noopener\"><img loading=\"lazy\" decoding=\"async\" class=\"alignnone wp-image-246 size-full\" src=\"http:\/\/h4opera.com.br\/hotel-opera\/wp-content\/uploads\/2019\/10\/Check-on-Google.png\" alt=\"bt_vernogoogle\" width=\"89\" height=\"20\" \/><\/a><\/p>\n<p>[\/et_pb_blurb][\/et_pb_column][et_pb_column type=&#8221;1_3&#8243;][et_pb_blurb admin_label=&#8221;Anhembi&#8221; title=&#8221;Anhembi&#8221; image=&#8221;http:\/\/h4opera.com.br\/hotel-opera\/wp-content\/uploads\/2016\/01\/12_anhembi.png&#8221; icon_placement=&#8221;left&#8221; _builder_version=&#8221;3.2.2&#8243; border_color_all_image=&#8221;#ffffff&#8221; border_style_all_image=&#8221;none&#8221; url_new_window=&#8221;on&#8221;]<\/p>\n<p>30 minutes by car<\/p>\n<p><a href=\"https:\/\/bit.ly\/2Vibxw5\" target=\"_blank\" rel=\"noopener\"><img loading=\"lazy\" decoding=\"async\" class=\"alignnone wp-image-246 size-full\" src=\"http:\/\/h4opera.com.br\/hotel-opera\/wp-content\/uploads\/2019\/10\/Check-on-Google.png\" alt=\"bt_vernogoogle\" width=\"89\" height=\"20\" \/><\/a><\/p>\n<p>[\/et_pb_blurb][et_pb_blurb admin_label=&#8221;Est\u00e1dio do Morumbi&#8221; title=&#8221;Est\u00e1dio do Morumbi&#8221; image=&#8221;http:\/\/h4opera.com.br\/hotel-opera\/wp-content\/uploads\/2016\/01\/11_estadiodomorumbi.png&#8221; icon_placement=&#8221;left&#8221; _builder_version=&#8221;3.2.2&#8243; border_color_all_image=&#8221;#ffffff&#8221; border_style_all_image=&#8221;none&#8221; url_new_window=&#8221;on&#8221;]<\/p>\n<p>33 minutes by car<\/p>\n<p><a href=\"https:\/\/bit.ly\/2TSEBc9\" target=\"_blank\" rel=\"noopener\"><img loading=\"lazy\" decoding=\"async\" class=\"alignnone wp-image-246 size-full\" src=\"http:\/\/h4opera.com.br\/hotel-opera\/wp-content\/uploads\/2019\/10\/Check-on-Google.png\" alt=\"bt_vernogoogle\" width=\"89\" height=\"20\" \/><\/a><\/p>\n<p>[\/et_pb_blurb][et_pb_blurb admin_label=&#8221;Conjunto Nacional&#8221; title=&#8221;Conjunto Nacional&#8221; image=&#8221;http:\/\/h4opera.com.br\/hotel-opera\/wp-content\/uploads\/2019\/04\/08_conjuntonacional-1.png&#8221; icon_placement=&#8221;left&#8221; _builder_version=&#8221;3.2.2&#8243; border_color_all_image=&#8221;#ffffff&#8221; border_style_all_image=&#8221;none&#8221; url_new_window=&#8221;on&#8221;]<\/p>\n<p>15 minutes on foot<\/p>\n<p><a href=\"https:\/\/bit.ly\/2OP2wID\" target=\"_blank\" rel=\"noopener\"><img loading=\"lazy\" decoding=\"async\" class=\"alignnone wp-image-246 size-full\" src=\"http:\/\/h4opera.com.br\/hotel-opera\/wp-content\/uploads\/2019\/10\/Check-on-Google.png\" alt=\"bt_vernogoogle\" width=\"89\" height=\"20\" \/><\/a><\/p>\n<p>[\/et_pb_blurb][et_pb_blurb admin_label=&#8221;Hospital S\u00edrio Liban\u00eas&#8221; title=&#8221;Hospital S\u00edrio Liban\u00eas&#8221; image=&#8221;http:\/\/h4opera.com.br\/hotel-opera\/wp-content\/uploads\/2019\/04\/19_siriolibanes.png&#8221; icon_placement=&#8221;left&#8221; _builder_version=&#8221;3.2.2&#8243; border_color_all_image=&#8221;#ffffff&#8221; border_style_all_image=&#8221;none&#8221; url_new_window=&#8221;on&#8221;]<\/p>\n<p>14 minutes by car<\/p>\n<p><a href=\"https:\/\/bit.ly\/2CZNWsQ\" target=\"_blank\" rel=\"noopener\"><img loading=\"lazy\" decoding=\"async\" class=\"alignnone wp-image-246 size-full\" src=\"http:\/\/h4opera.com.br\/hotel-opera\/wp-content\/uploads\/2019\/10\/Check-on-Google.png\" alt=\"bt_vernogoogle\" width=\"89\" height=\"20\" \/><\/a><\/p>\n<p>[\/et_pb_blurb][et_pb_blurb admin_label=&#8221;Centro Exposi\u00e7\u00f5es Imigrantes&#8221; title=&#8221;Centro Exposi\u00e7\u00f5es Imigrantes&#8221; image=&#8221;http:\/\/h4opera.com.br\/hotel-opera\/wp-content\/uploads\/2019\/04\/18_centrodeexposicoesimigrantes.png&#8221; icon_placement=&#8221;left&#8221; _builder_version=&#8221;3.2.2&#8243; border_color_all_image=&#8221;#ffffff&#8221; border_style_all_image=&#8221;none&#8221; url_new_window=&#8221;on&#8221;]<\/p>\n<p>47 minutes by car<\/p>\n<p><a href=\"https:\/\/bit.ly\/2uNn3UC\" target=\"_blank\" rel=\"noopener\"><img loading=\"lazy\" decoding=\"async\" class=\"alignnone wp-image-246 size-full\" src=\"http:\/\/h4opera.com.br\/hotel-opera\/wp-content\/uploads\/2019\/10\/Check-on-Google.png\" alt=\"bt_vernogoogle\" width=\"89\" height=\"20\" \/><\/a><\/p>\n<p>[\/et_pb_blurb][\/et_pb_column][\/et_pb_row][\/et_pb_section]<\/p>","protected":false},"excerpt":{"rendered":"<p>[et_pb_section bb_built=&#8221;1&#8243; fullwidth=&#8221;on&#8221; _builder_version=&#8221;3.2.2&#8243; next_background_color=&#8221;#000000&#8243; custom_css_main_element=&#8221;height: auto !important;&#8221;][et_pb_fullwidth_header title=&#8221;Alameda Lorena, 1756 \u2013 Jardim Paulista \u2013 S\u00e3o Paulo&#8221; text_orientation=&#8221;center&#8221; _builder_version=&#8221;3.2.2&#8243; title_text_align=&#8221;center&#8221; title_font_size=&#8221;28px&#8221; title_line_height=&#8221;1.7em&#8221; content_text_align=&#8221;center&#8221; content_line_height=&#8221;1.7em&#8221; subhead_line_height=&#8221;1.7em&#8221; background_color=&#8221;#7ebec5&#8243; background_image=&#8221;http:\/\/h4opera.com.br\/hotel-opera\/wp-content\/uploads\/2016\/01\/bg_localizacao.png&#8221; parallax=&#8221;on&#8221; parallax_method=&#8221;on&#8221; subhead_font_size=&#8221;19px&#8221;] Wake up in the heart of Jardins, just a few steps from Oscar Freire, the most famous and charming street of S\u00e3o Paulo, close to [&hellip;]<\/p>\n","protected":false},"author":1,"featured_media":0,"parent":0,"menu_order":0,"comment_status":"closed","ping_status":"closed","template":"","meta":{"footnotes":""},"class_list":["post-1523","page","type-page","status-publish","hentry"],"acf":[],"_links":{"self":[{"href":"http:\/\/h4opera.com.br\/hotel-opera\/wp-json\/wp\/v2\/pages\/1523","targetHints":{"allow":["GET"]}}],"collection":[{"href":"http:\/\/h4opera.com.br\/hotel-opera\/wp-json\/wp\/v2\/pages"}],"about":[{"href":"http:\/\/h4opera.com.br\/hotel-opera\/wp-json\/wp\/v2\/types\/page"}],"author":[{"embeddable":true,"href":"http:\/\/h4opera.com.br\/hotel-opera\/wp-json\/wp\/v2\/users\/1"}],"replies":[{"embeddable":true,"href":"http:\/\/h4opera.com.br\/hotel-opera\/wp-json\/wp\/v2\/comments?post=1523"}],"version-history":[{"count":10,"href":"http:\/\/h4opera.com.br\/hotel-opera\/wp-json\/wp\/v2\/pages\/1523\/revisions"}],"predecessor-version":[{"id":1808,"href":"http:\/\/h4opera.com.br\/hotel-opera\/wp-json\/wp\/v2\/pages\/1523\/revisions\/1808"}],"wp:attachment":[{"href":"http:\/\/h4opera.com.br\/hotel-opera\/wp-json\/wp\/v2\/media?parent=1523"}],"curies":[{"name":"wp","href":"https:\/\/api.w.org\/{rel}","templated":true}]}}